{"id":52,"date":"2019-04-26T21:25:14","date_gmt":"2019-04-26T19:25:14","guid":{"rendered":"https:\/\/www.iwaes.de\/?page_id=52"},"modified":"2020-08-17T07:51:51","modified_gmt":"2020-08-17T05:51:51","slug":"hochschule-biberach-institut-fuer-gebaeude-und-energiesysteme","status":"publish","type":"page","link":"https:\/\/www.iwaes.de\/?page_id=52","title":{"rendered":"Hochschule Biberach &#8211; Institut f\u00fcr Geb\u00e4ude- und Energiesysteme"},"content":{"rendered":"\n<div class=\"wp-block-columns has-2-columns is-layout-flex wp-container-core-columns-is-layout-9d6595d7 wp-block-columns-is-layout-flex\">\n<div class=\"wp-block-column is-layout-flow wp-block-column-is-layout-flow\">\n<p><a href=\"https:\/\/www.hochschule-biberach.de\/web\/ige\">Institutshomepage<\/a><\/p>\n<\/div>\n\n\n\n<div class=\"wp-block-column is-layout-flow wp-block-column-is-layout-flow\">\n<div class=\"wp-block-image\"><figure class=\"alignright size-large\"><img loading=\"lazy\" decoding=\"async\" width=\"1024\" height=\"1001\" src=\"https:\/\/www.iwaes.de\/wp-content\/uploads\/2020\/08\/1200px-Hochschule_Biberach_201x_logo.svg_-1024x1001.png\" alt=\"\" class=\"wp-image-614\" srcset=\"https:\/\/www.iwaes.de\/wp-content\/uploads\/2020\/08\/1200px-Hochschule_Biberach_201x_logo.svg_-1024x1001.png 1024w, https:\/\/www.iwaes.de\/wp-content\/uploads\/2020\/08\/1200px-Hochschule_Biberach_201x_logo.svg_-300x293.png 300w, https:\/\/www.iwaes.de\/wp-content\/uploads\/2020\/08\/1200px-Hochschule_Biberach_201x_logo.svg_-768x751.png 768w, https:\/\/www.iwaes.de\/wp-content\/uploads\/2020\/08\/1200px-Hochschule_Biberach_201x_logo.svg_-676x661.png 676w, https:\/\/www.iwaes.de\/wp-content\/uploads\/2020\/08\/1200px-Hochschule_Biberach_201x_logo.svg_.png 1200w\" sizes=\"auto, (max-width: 1024px) 100vw, 1024px\" \/><\/figure><\/div>\n<\/div>\n<\/div>\n\n\n\n<p>Im Institut f\u00fcr Geb\u00e4ude- und Energiesysteme (IGE) der Hochschule Biberach werden die Forschungsbereiche Geb\u00e4udeklimatik und Energiesysteme bearbeitet. Diese umfassen systemorientierte und technologische Fragestellungen des energieeffizienten und nachhaltigen Bauens, der rationellen Energieverwendung in Geb\u00e4uden, Liegenschaften und Industriebetrieben sowie der Versorgung mit lokalen und dezentralen regenerativen Energien. Dazu geh\u00f6ren insbesondere die Simulation von Geb\u00e4uden und technischen Anlagen von der Einzelgeb\u00e4ude- bis zur Quartiersebene, Geb\u00e4ude- und Anlagenmonitoring, W\u00e4rmepumpen- und K\u00e4ltetechnik, Automatisierungstechnik sowie geothermische Energiesysteme. Forschung im st\u00e4dtebaulichen Ma\u00dfstab erfolgte u. a. im Projekt eCO2centric, laufende FuE-Vorhaben befassen sich mit Anla-gentechnik zur W\u00e4rme- und K\u00e4lteerzeugung sowie der Performance, Modellbildung, Simulation und Systemtechnik oberfl\u00e4chennaher geothermischer Quellensystem. Die Arbeiten im Bereich Geothermie reichen von der Entwicklung und Implementierung von Auslegungs- und Simulationsmodellen (z. B. GEO-HANDlight und GEOSYST) f\u00fcr unterschiedliche oberfl\u00e4chennahe geothermische Quellensysteme \u00fcber die Einbindung in geb\u00e4ude- und quartiersbezogene Energiesysteme bis hin zum Monitoring und zur Betriebsoptimierung. Das IGE ist aktiver institutioneller und Forschungs-partner im Landesforschungszentrum Geothermie des Landes Baden-W\u00fcrttemberg (LFZG).<\/p>\n\n\n\n<p><\/p>\n","protected":false},"excerpt":{"rendered":"<p>Institutshomepage Im Institut f\u00fcr Geb\u00e4ude- und Energiesysteme (IGE) der Hochschule Biberach werden die Forschungsbereiche Geb\u00e4udeklimatik und Energiesysteme bearbeitet. Diese umfassen systemorientierte und technologische Fragestellungen des energieeffizienten und nachhaltigen Bauens, der rationellen Energieverwendung in Geb\u00e4uden, Liegenschaften und Industriebetrieben sowie der Versorgung mit lokalen und dezentralen regenerativen Energien. Dazu geh\u00f6ren insbesondere die Simulation von Geb\u00e4uden und technischen [&hellip;]<\/p>\n","protected":false},"author":2,"featured_media":0,"parent":0,"menu_order":0,"comment_status":"closed","ping_status":"closed","template":"","meta":{"footnotes":""},"class_list":["post-52","page","type-page","status-publish","hentry","post-preview"],"_links":{"self":[{"href":"https:\/\/www.iwaes.de\/index.php?rest_route=\/wp\/v2\/pages\/52","targetHints":{"allow":["GET"]}}],"collection":[{"href":"https:\/\/www.iwaes.de\/index.php?rest_route=\/wp\/v2\/pages"}],"about":[{"href":"https:\/\/www.iwaes.de\/index.php?rest_route=\/wp\/v2\/types\/page"}],"author":[{"embeddable":true,"href":"https:\/\/www.iwaes.de\/index.php?rest_route=\/wp\/v2\/users\/2"}],"replies":[{"embeddable":true,"href":"https:\/\/www.iwaes.de\/index.php?rest_route=%2Fwp%2Fv2%2Fcomments&post=52"}],"version-history":[{"count":4,"href":"https:\/\/www.iwaes.de\/index.php?rest_route=\/wp\/v2\/pages\/52\/revisions"}],"predecessor-version":[{"id":617,"href":"https:\/\/www.iwaes.de\/index.php?rest_route=\/wp\/v2\/pages\/52\/revisions\/617"}],"wp:attachment":[{"href":"https:\/\/www.iwaes.de\/index.php?rest_route=%2Fwp%2Fv2%2Fmedia&parent=52"}],"curies":[{"name":"wp","href":"https:\/\/api.w.org\/{rel}","templated":true}]}}