{"id":54,"date":"2019-04-26T21:33:56","date_gmt":"2019-04-26T19:33:56","guid":{"rendered":"https:\/\/www.iwaes.de\/?page_id=54"},"modified":"2020-08-17T07:59:44","modified_gmt":"2020-08-17T05:59:44","slug":"landeshauptstadt-stuttgart-amt-fuer-umweltschutz-energiewirtschaft","status":"publish","type":"page","link":"https:\/\/www.iwaes.de\/?page_id=54","title":{"rendered":"Landeshauptstadt Stuttgart &#8211; Amt f\u00fcr Umweltschutz, Energiewirtschaft"},"content":{"rendered":"\n<div class=\"wp-block-columns has-2-columns is-layout-flex wp-container-core-columns-is-layout-9d6595d7 wp-block-columns-is-layout-flex\">\n<div class=\"wp-block-column is-layout-flow wp-block-column-is-layout-flow\">\n<p><a href=\"https:\/\/www.stuttgart.de\/item\/show\/305824\/1\/dept\/617\">Internetauftritt<\/a><\/p>\n<\/div>\n\n\n\n<div class=\"wp-block-column is-layout-flow wp-block-column-is-layout-flow\">\n<figure class=\"wp-block-image alignwide size-large\"><img loading=\"lazy\" decoding=\"async\" width=\"1024\" height=\"216\" src=\"https:\/\/www.iwaes.de\/wp-content\/uploads\/2020\/08\/STUTTGART-mit-Pferd-1024x216.png\" alt=\"\" class=\"wp-image-613\" srcset=\"https:\/\/www.iwaes.de\/wp-content\/uploads\/2020\/08\/STUTTGART-mit-Pferd-1024x216.png 1024w, https:\/\/www.iwaes.de\/wp-content\/uploads\/2020\/08\/STUTTGART-mit-Pferd-300x63.png 300w, https:\/\/www.iwaes.de\/wp-content\/uploads\/2020\/08\/STUTTGART-mit-Pferd-768x162.png 768w, https:\/\/www.iwaes.de\/wp-content\/uploads\/2020\/08\/STUTTGART-mit-Pferd-1536x324.png 1536w, https:\/\/www.iwaes.de\/wp-content\/uploads\/2020\/08\/STUTTGART-mit-Pferd-676x142.png 676w, https:\/\/www.iwaes.de\/wp-content\/uploads\/2020\/08\/STUTTGART-mit-Pferd.png 1670w\" sizes=\"auto, (max-width: 1024px) 100vw, 1024px\" \/><\/figure>\n<\/div>\n<\/div>\n\n\n\n<p>Die Landeshauptstadt Stuttgart (LS) setzt sich bereits seit vielen Jahren aktiv f\u00fcr den Klimaschutz ein. Bereits 1994 hat der Gemeinderat f\u00fcr die Emissionen des Treibhausgases CO2 ein Reduktionsziel von 30 Prozent zwischen 1990 und 2005 beschlossen, um die weitere Zunahme des globalen Treibhauseffekts zu begrenzen und damit einen Beitrag zum Klimaschutz zu leisten. Seit Ende der 90er Jahre stellt der Gemeinderat erh\u00f6hte energetische Anforderungen an Geb\u00e4ude, die auf st\u00e4dtischen Grundst\u00fccken errichtet werden. Im Mittel lagen diese in den letzten 15 Jahren bei 30 % \u00fcber den gesetzlichen Mindestanforderungen der Energieeinsparverordnung.<\/p>\n\n\n\n<p>Das Amt f\u00fcr Umweltschutz ist mit 160 Mitarbeiter\/-innen bundesweit eine der gr\u00f6\u00dften kommunalen Umweltbeh\u00f6rden und rechtlich sowie fachlich unter anderem verantwortlich f\u00fcr die Bereiche Immissionsschutz, Natur- und Artenschutz, Klimatologie, Klimaschutz und Energiewirtschaft. Die st\u00e4dtische Energieabteilung im Amt f\u00fcr Umweltschutz besch\u00e4ftigt sich unter anderem mit den Themen Energieeffizienz, Energiemanagement und Steigerung des Anteils erneuerbarer Energien. Derzeit betr\u00e4gt die Mitarbeiterzahl 24. Das von der Energieabteilung federf\u00fchrend erarbeitete Ener-giekonzept \u201eUrbanisierung der Energiewende in Stuttgart\u201c wurde im Januar 2016 vom Gemeinderat beschlossen. Es enth\u00e4lt \u00fcber 100 Ma\u00dfnahmen aus den sechs Hand-lungsfeldern St\u00e4dtische Liegenschaften, Geb\u00e4ude \/ Wohnen \/ B\u00fcrger, Gewerbe, Handel, Dienstleistung (GHD) und sonstige Industrie, Verkehr, Energieleitplanung und Energieversorgung sowie B\u00fcrger- und Akteurseinbindung. Langfristig steht die Vision einer klimaneutralen Landeshauptstadt im Jahr 2050 im Fokus.<\/p>\n\n\n\n<p>Die st\u00e4dtische Energieabteilung hat unter anderem durch die umfangreiche B\u00fcrgerbeteiligung im Rahmen des Energiekonzepts gro\u00dfe Erfahrung in den Bereichen B\u00fcrgerkommunikation und Akteurseinbindung. Dar\u00fcber hinaus ist sie durch einen Mitarbeiter f\u00fcr den Themenkomplex Energieleitplanung in diesem Bereich der zentrale Ansprechpartner innerhalb der Landeshauptstadt. Unter anderem wurde hierbei ein Energiekataster entwickelt, welches f\u00fcr die Auswahl von Fokusgebieten zur energetischen Erneuerung genutzt wird. Die Entwicklung von Energiekonzepten f\u00fcr neue Stadtquartiere erfolgt ebenfalls in der Energieabteilung. So wird beispielsweise das Nahw\u00e4rmenetz im Gebiet Neckarpark, welches Abwasserw\u00e4rme als Hauptenergiequelle nutzt, im Amt f\u00fcr Umweltschutz entwickelt und derzeit realisiert.<\/p>\n","protected":false},"excerpt":{"rendered":"<p>Internetauftritt Die Landeshauptstadt Stuttgart (LS) setzt sich bereits seit vielen Jahren aktiv f\u00fcr den Klimaschutz ein. Bereits 1994 hat der Gemeinderat f\u00fcr die Emissionen des Treibhausgases CO2 ein Reduktionsziel von 30 Prozent zwischen 1990 und 2005 beschlossen, um die weitere Zunahme des globalen Treibhauseffekts zu begrenzen und damit einen Beitrag zum Klimaschutz zu leisten. Seit [&hellip;]<\/p>\n","protected":false},"author":2,"featured_media":0,"parent":0,"menu_order":0,"comment_status":"closed","ping_status":"closed","template":"","meta":{"footnotes":""},"class_list":["post-54","page","type-page","status-publish","hentry","post-preview"],"_links":{"self":[{"href":"https:\/\/www.iwaes.de\/index.php?rest_route=\/wp\/v2\/pages\/54","targetHints":{"allow":["GET"]}}],"collection":[{"href":"https:\/\/www.iwaes.de\/index.php?rest_route=\/wp\/v2\/pages"}],"about":[{"href":"https:\/\/www.iwaes.de\/index.php?rest_route=\/wp\/v2\/types\/page"}],"author":[{"embeddable":true,"href":"https:\/\/www.iwaes.de\/index.php?rest_route=\/wp\/v2\/users\/2"}],"replies":[{"embeddable":true,"href":"https:\/\/www.iwaes.de\/index.php?rest_route=%2Fwp%2Fv2%2Fcomments&post=54"}],"version-history":[{"count":5,"href":"https:\/\/www.iwaes.de\/index.php?rest_route=\/wp\/v2\/pages\/54\/revisions"}],"predecessor-version":[{"id":628,"href":"https:\/\/www.iwaes.de\/index.php?rest_route=\/wp\/v2\/pages\/54\/revisions\/628"}],"wp:attachment":[{"href":"https:\/\/www.iwaes.de\/index.php?rest_route=%2Fwp%2Fv2%2Fmedia&parent=54"}],"curies":[{"name":"wp","href":"https:\/\/api.w.org\/{rel}","templated":true}]}}

Landeshauptstadt Stuttgart &#8211; Amt für Umweltschutz, Energiewirtschaft

<div class="wp-block-columns has-2-columns is-layout-flex wp-container-core-columns-is-layout-9d6595d7 wp-block-columns-is-layout-flex">
<div class="wp-block-column is-layout-flow wp-block-column-is-layout-flow">
<p><a href="https://www.stuttgart.de/item/show/305824/1/dept/617">Internetauftritt</a></p>
</div>



<div class="wp-block-column is-layout-flow wp-block-column-is-layout-flow">
<figure class="wp-block-image alignwide size-large"><img loading="lazy" decoding="async" width="1024" height="216" src="https://www.iwaes.de/wp-content/uploads/2020/08/STUTTGART-mit-Pferd-1024x216.png" alt="" class="wp-image-613" srcset="https://www.iwaes.de/wp-content/uploads/2020/08/STUTTGART-mit-Pferd-1024x216.png 1024w, https://www.iwaes.de/wp-content/uploads/2020/08/STUTTGART-mit-Pferd-300x63.png 300w, https://www.iwaes.de/wp-content/uploads/2020/08/STUTTGART-mit-Pferd-768x162.png 768w, https://www.iwaes.de/wp-content/uploads/2020/08/STUTTGART-mit-Pferd-1536x324.png 1536w, https://www.iwaes.de/wp-content/uploads/2020/08/STUTTGART-mit-Pferd-676x142.png 676w, https://www.iwaes.de/wp-content/uploads/2020/08/STUTTGART-mit-Pferd.png 1670w" sizes="auto, (max-width: 1024px) 100vw, 1024px" /></figure>
</div>
</div>



<p>Die Landeshauptstadt Stuttgart (LS) setzt sich bereits seit vielen Jahren aktiv für den Klimaschutz ein. Bereits 1994 hat der Gemeinderat für die Emissionen des Treibhausgases CO2 ein Reduktionsziel von 30 Prozent zwischen 1990 und 2005 beschlossen, um die weitere Zunahme des globalen Treibhauseffekts zu begrenzen und damit einen Beitrag zum Klimaschutz zu leisten. Seit Ende der 90er Jahre stellt der Gemeinderat erhöhte energetische Anforderungen an Gebäude, die auf städtischen Grundstücken errichtet werden. Im Mittel lagen diese in den letzten 15 Jahren bei 30 % über den gesetzlichen Mindestanforderungen der Energieeinsparverordnung.</p>



<p>Das Amt für Umweltschutz ist mit 160 Mitarbeiter/-innen bundesweit eine der größten kommunalen Umweltbehörden und rechtlich sowie fachlich unter anderem verantwortlich für die Bereiche Immissionsschutz, Natur- und Artenschutz, Klimatologie, Klimaschutz und Energiewirtschaft. Die städtische Energieabteilung im Amt für Umweltschutz beschäftigt sich unter anderem mit den Themen Energieeffizienz, Energiemanagement und Steigerung des Anteils erneuerbarer Energien. Derzeit beträgt die Mitarbeiterzahl 24. Das von der Energieabteilung federführend erarbeitete Ener-giekonzept „Urbanisierung der Energiewende in Stuttgart“ wurde im Januar 2016 vom Gemeinderat beschlossen. Es enthält über 100 Maßnahmen aus den sechs Hand-lungsfeldern Städtische Liegenschaften, Gebäude / Wohnen / Bürger, Gewerbe, Handel, Dienstleistung (GHD) und sonstige Industrie, Verkehr, Energieleitplanung und Energieversorgung sowie Bürger- und Akteurseinbindung. Langfristig steht die Vision einer klimaneutralen Landeshauptstadt im Jahr 2050 im Fokus.</p>



<p>Die städtische Energieabteilung hat unter anderem durch die umfangreiche Bürgerbeteiligung im Rahmen des Energiekonzepts große Erfahrung in den Bereichen Bürgerkommunikation und Akteurseinbindung. Darüber hinaus ist sie durch einen Mitarbeiter für den Themenkomplex Energieleitplanung in diesem Bereich der zentrale Ansprechpartner innerhalb der Landeshauptstadt. Unter anderem wurde hierbei ein Energiekataster entwickelt, welches für die Auswahl von Fokusgebieten zur energetischen Erneuerung genutzt wird. Die Entwicklung von Energiekonzepten für neue Stadtquartiere erfolgt ebenfalls in der Energieabteilung. So wird beispielsweise das Nahwärmenetz im Gebiet Neckarpark, welches Abwasserwärme als Hauptenergiequelle nutzt, im Amt für Umweltschutz entwickelt und derzeit realisiert.</p>

<p>Internetauftritt Die Landeshauptstadt Stuttgart (LS) setzt sich bereits seit vielen Jahren aktiv für den Klimaschutz ein. Bereits 1994 hat der Gemeinderat für die Emissionen des Treibhausgases CO2 ein Reduktionsziel von 30 Prozent zwischen 1990 und 2005 beschlossen, um die weitere Zunahme des globalen Treibhauseffekts zu begrenzen und damit einen Beitrag zum Klimaschutz zu leisten. Seit [&hellip;]</p>
